s divided by 1*(2 + a + 3).
0
Let a = 0 - -7. Let g(p) = -a*p**2 + 6*p**2 - 2*p + 4*p + 10 - 3*p. What is the remainder when 18 is divided by g(0)?
8
Suppose 2*p = 6*b - b + 77, 0 = p - 5*b - 41. Let x be 3/12 - (-282)/(-8). Let h = -16 - x. What is the remainder when p is divided by h?
17
Let l be (-7 - -1)/((-8)/(-204)). What is the remainder when 38 is divided by l/(-12) + 3/12?
12
Suppose -4*c + 44 = -3*c + 3*f, -5*c = -2*f - 169. Calculate the remainder when 101 is divided by c.
31
What is the remainder when 19 + (1 - 4) + -1 is divided by 4?
3
Suppose 0 = -a + 4, 3*f - 2*a - 1 = -39. Let s(n) = -n**3 - 10*n**2 + 9. What is the remainder when 16 is divided by s(f)?
7
Let y(t) = t**3 - 8*t**2 + 10*t - 6. Suppose 5*a + 28 = n - 22, a + 4*n - 11 = 0. Calculate the remainder when 3 - (-3)/(a/(-123)) is divided by y(7).
14
Let h = -6 + 23. Calculate the remainder when 31 is divided by h.
14
Let f(o) = o**3 + 6*o**2 - 6*o - 1. Let p be f(-7). What is the remainder when p*1/((-8)/4) is divided by 2?
0
Let z(x) = x**2 + 4*x. Let g be z(-5). Suppose -g*j = -0*j - 10. Calculate the remainder when 11*(-2 + (5 - j)) is divided by 6.
5
Suppose 4*o = o. Suppose o*a - a = -23. Calculate the remainder when a is divided by 8.
7
What is the remainder when -3*((3 - 188/12) + 2) is divided by 17?
15
Let k(p) = -p**2 + 11*p - 20. What is the remainder when 48 is divided by k(6)?
8
Suppose 5*k + 5*h = -10 + 240, -k + 4*h + 71 = 0. What is the remainder when k is divided by -7 + 10 - 20/(-2)?
12
Let t(s) = -37*s + 1. Calculate the remainder when t(-4) is divided by 38.
35
Let t = -3 - -7. Suppose -t*s = -v - 56, -28 - 40 = -4*s - 2*v. Calculate the remainder when 28 is divided by s.
13
Suppose 0 = -4*x + 3*f - 15, -3*f + 17 = -4*x + 2*f. Let p = x - -7. Let w(n) = n**3 - 2*n**2 + n - 2. Calculate the remainder when w(3) is divided by p.
2
What is the remainder when 65 is divided by 522/16 - 9/(-24)?
32
What is the remainder when (-904)/(-18) + (-3 - (-100)/36) is divided by 13?
11
What is the remainder when 6/(-45) + (-912)/(-90) is divided by 4?
2
Let s be (-58)/8 - (-1)/4. Let f = s + 11. What is the remainder when 6 is divided by f?
2
Let a(c) = c - 4. Let h(u) = -3. Let x(j) = -2*a(j) + 3*h(j). Calculate the remainder when x(-8) is divided by 6.
3
Suppose -6*x + 145 = -x. Let v = -2 + 8. Let b(a) = a**2 - 5*a + 4. What is the remainder when x is divided by b(v)?
9
Suppose -14 + 62 = 3*t. What is the remainder when 61 is divided by t?
13
Suppose 9*a - 25 = 4*a. Suppose 2*x = -2*o + 24, -3*x - 76 = -5*o - 8. Calculate the remainder when o is divided by a.
3
Let n(k) = k**2 + 15*k + 23. Calculate the remainder when n(-16) is divided by 11.
6
Let y = 58 + -34. Let i = -6 + 11. Suppose 2*b + 39 = i*b. What is the remainder when y is divided by b?
11
Let a = 12 - 7. Suppose -2*c - 20 = -a*g, 0*c = -5*g - 2*c. Suppose 3*i + g*d + 7 = 0, 3*i - d = 2 + 6. Calculate the remainder when i is divided by 1.
0
Let s = 30 + -15. Calculate the remainder when 24 is divided by s.
9
Calculate the remainder when 42 is divided by 12 - (-9)/(-12)*4.
6
Let k(m) = m**2 + 2 + 0*m - m + m**2. Suppose -12*g + 35*g = 322. What is the remainder when g is divided by k(2)?
6
Let k = -23 + 33. Let a(s) = -s**2 + s + 18. Let z be a(0). Let w = z - k. What is the remainder when w is divided by 5?
3
Suppose 0 = 4*v - 171 - 45. Suppose -a = -3*i - 2, -3*i - 16 = 3*a - 70. What is the remainder when v is divided by a?
12
Let o(r) = -r**3 - 2*r**2 + 5*r + 4. Let m be o(-4). Suppose 6*c = 2*c + m. Suppose 0*g + 6 = g. Calculate the remainder when g is divided by c.
2
Suppose 0*c - 3*c = -5*k - 32, -5*c + 78 = 4*k. Calculate the remainder when c is divided by 8.
6
Let z be 1/((-2)/8)*4. What is the remainder when 56/z*(-1 - 5) is divided by 12?
9
Let v = -53 + 126. Calculate the remainder when v is divided by 25.
23
Suppose 256 = 14*p - 38. What is the remainder when 39 is divided by p?
18
Suppose -2*s + 5 = -1. Suppose 0*w + 7 = w + b, -b = -s. Calculate the remainder when 6 is divided by w.
2
Suppose -31*p - 26 = -33*p. What is the remainder when p is divided by 3?
1
Suppose -30 = -2*c - 3*c. Let l(d) = d**3 - 5. Let k be l(0). Let v = 12 - k. What is the remainder when v is divided by c?
5
Let v(o) = 15*o**3 - 3*o**2 + 2*o - 2. Let i be v(2). Suppose -4*s - 6 = -18. Calculate the remainder when i/25 - (-8)/(-20) is divided by s.
1
Let h = -13 - -19. Calculate the remainder when 39 is divided by h.
3
Let f(j) = -13*j + 1. Let w be f(1). Calculate the remainder when ((-8)/w)/((-2)/(-165)) is divided by 14.
13
Let d = -17 + 224. What is the remainder when d is divided by 10?
7
Let m = -125 + 41. Let x = 2 - 0. What is the remainder when 19 is divided by x/3 - m/9?
9
Suppose 5*k - 192 = -3*k. What is the remainder when k is divided by 13?
11
Suppose 44 = 4*o - 24. Suppose v = -o + 42. Suppose 2*i + 5*d - 27 = -0*i, 2*i + 3*d - v = 0. Calculate the remainder when 31 is divided by i.
9
Suppose 32 = -2*k - 2*k. Let w(n) = -n**3 - 9*n**2 - 12*n - 6. Let d be w(k). Let f = 5 + d. What is the remainder when f is divided by 16?
15
Let u(b) = b**2 - 6*b + 3. Let c = 2 - -3. What is the remainder when u(8) is divided by c?
4
Let z be (-6)/(-9)*(-3)/2. Let m(s) = -10*s**3 + s**2 + s + 1. What is the remainder when 11*3 + 0 + -2 is divided by m(z)?
9
Suppose -5*j + 2*m = -91, -j = 2*j - 2*m - 57. Calculate the remainder when j is divided by 9.
8
Suppose 4*g + 15 = g. Let x = g - -8. Calculate the remainder when x is divided by 3.
0
Let z = 181 - 177. Let l(m) = m**3 + 2*m - 3. What is the remainder when l(2) is divided by z?
1
What is the remainder when 89 is divided by 5/((-25)/2) - (-1064)/35?
29
Suppose 0 = -4*b + 4*v + 68 + 68, 3*v + 141 = 4*b. Calculate the remainder when b is divided by 21.
18
Let h(q) = -5*q - 7. Calculate the remainder when 23 is divided by h(-4).
10
Suppose 0 = -0*f + 4*f - 8. Calculate the remainder when 45/3 + (-2)/f is divided by ((-8)/3)/(3/(-9)).
6
Suppose 3*r + 0*r = 15. Suppose 2*s - 77 = -r*d, -2*s + 0*s - 4*d = -78. Calculate the remainder when s is divided by 14.
13
Suppose 4*y + y = -180. Let a = -10 - y. Calculate the remainder when a is divided by 7.
5
Let m(i) = i**3 - i + 12. Let k be m(0). Suppose -2*g = -16 - k. What is the remainder when 40 is divided by g?
12
Let k = -3 - -3. Suppose -x = g, -2*x - 3*x - 6 = 2*g. Suppose 70 = -k*v + g*v. What is the remainder when v is divided by 18?
17
What is the remainder when (18/(-8))/(15/(-520)) is divided by 20?
18
Suppose -3*t + 4*t - 19 = 0. What is the remainder when 56 is divided by t?
18
Suppose -4*p + 25 = -3*p. Calculate the remainder when p is divided by 13.
12
Suppose -5*g + 617 = 4*p + 35, 5*g - 600 = 5*p. Calculate the remainder when g is divided by 30.
28
Suppose h = -7*h + 48. What is the remainder when (9 - 2)*(1 - -2) is divided by h?
3
Suppose -f - 91 = -5*c, 4*c = f - 5*f + 68. What is the remainder when 67 is divided by c?
13
Let k be 2/(-12) + 4/24. Suppose -t + 7 = -k. What is the remainder when 26 is divided by t?
5
Suppose 4*w - 41 = -3*g - 1, 3*w - 63 = -5*g. What is the remainder when g is divided by 5?
2
Suppose q - 81 = 38. What is the remainder when q is divided by 40?
39
Suppose 5*x + 2*k - 600 = 0, 3*x - k = -5*k + 360. Calculate the remainder when x is divided by 41.
38
Suppose -2*m - m - 3 = 0. What is the remainder when m/((-9)/(-120))*-3 is divided by 14?
12
What is the remainder when 72 is divided by (56 - -1)*13/39?
15
Suppose h = 2*s - 41, 23 + 84 = 5*s - 4*h. What is the remainder when 131 is divided by s?
17
Let n(y) = -y**2 + 15*y + 52. Calculate the remainder when 125 is divided by n(17).
17
Let p(k) = 170*k. Let w be p(4). Calculate the remainder when 41 is divided by w/50 - 2/(-5).
13
Let f(y) = -y. Let r be f(-3). Let p(w) = -12*w - 5. Let l be p(-5). Suppose r*z + 4*q - 86 = -q, 2*z + q = l. What is the remainder when z is divided by 14?
13
Let t(i) be the second derivative of i**5/20 - 13*i**4/12 + 7*i**3/3 - i**2 - i. What is the remainder when 64 is divided by t(12)?
20
Let l(f) be the second derivative of 11*f**4/6 - f**2/2 - 27*f. Let z = 1 + 0. Calculate the remainder when 39 is divided by l(z).
18
Suppose -3 + 1 = -a. What is the remainder when 4 is divided by a?
0
Supp